greatest common factor of 33 and 501?
3
What is the highest common factor of 14 and 32?
2
What is the highest common factor of 923 and 13?
13
What is the greatest common factor of 1030 and 20?
10
What is the highest common divisor of 312 and 41028?
156
What is the greatest common factor of 4 and 5116?
4
Calculate the greatest common divisor of 82 and 4018.
82
What is the greatest common factor of 36 and 132?
12
What is the highest common divisor of 52 and 6123?
13
Calculate the highest common factor of 143 and 11.
11
Calculate the greatest common factor of 14 and 77.
7
What is the highest common factor of 6 and 34?
2
Calculate the greatest common divisor of 10 and 230.
10
Calculate the greatest common divisor of 2970 and 55.
55
Calculate the highest common divisor of 230 and 2.
2
Calculate the highest common divisor of 13 and 1937.
13
What is the greatest common factor of 1903 and 22?
11
What is the greatest common factor of 12026 and 42?
14
Calculate the greatest common factor of 189 and 861.
21
What is the highest common factor of 62 and 8618?
62
Calculate the highest common divisor of 3 and 459.
3
Calculate the highest common divisor of 3599 and 236.
59
What is the greatest common divisor of 275 and 25?
25
Calculate the highest common divisor of 405 and 18.
9
Calculate the greatest common factor of 168 and 4592.
56
Calculate the highest common factor of 83 and 1577.
83
What is the highest common divisor of 24 and 1048?
8
Calculate the highest common factor of 38 and 513.
19
Calculate the greatest common divisor of 6 and 363.
3
Calculate the greatest common divisor of 69390 and 270.
270
What is the greatest common factor of 598 and 138?
46
Calculate the greatest common factor of 481 and 37.
37
Calculate the highest common divisor of 3392 and 64.
64
Calculate the highest common divisor of 1819 and 17.
17
Calculate the greatest common divisor of 826 and 42.
14
Calculate the highest common factor of 364 and 4.
4
Calculate the greatest common divisor of 72 and 152.
8
Calculate the highest common factor of 759 and 690.
69
Calculate the greatest common divisor of 138 and 736.
46
What is the greatest common divisor of 95 and 912?
19
What is the greatest common factor of 100 and 11475?
25
What is the greatest common factor of 66 and 363?
33
What is the greatest common factor of 68 and 306?
34
Calculate the greatest common factor of 1394 and 17.
17
Calculate the greatest common factor of 98 and 14.
14
What is the highest common divisor of 873 and 194?
97
Calculate the highest common divisor of 60 and 1740.
60
Calculate the greatest common factor of 3780 and 27.
27
Calculate the greatest common factor of 81 and 576.
9
What is the highest common divisor of 196 and 112?
28
What is the highest common divisor of 237 and 21?
3
What is the highest common factor of 6025 and 25?
25
Calculate the highest common divisor of 56 and 88.
8
What is the highest common factor of 272 and 24?
8
What is the greatest common divisor of 671 and 374?
11
Calculate the greatest common factor of 94 and 29422.
94
Calculate the greatest common divisor of 208 and 520.
104
What is the highest common divisor of 44 and 2068?
44
Calculate the greatest common divisor of 4991 and 161.
161
Calculate the greatest common divisor of 108 and 1404.
108
What is the greatest common factor of 34475 and 50?
25
Calculate the greatest common divisor of 8400 and 12.
12
Calculate the greatest common divisor of 392 and 1078.
98
Calculate the greatest common divisor of 79 and 16.
1
What is the greatest common factor of 10188 and 4?
4
What is the highest common divisor of 43 and 42914?
43
Calculate the highest common divisor of 40 and 26920.
40
What is the greatest common divisor of 7 and 714?
7
What is the greatest common divisor of 35 and 20?
5
What is the greatest common divisor of 432 and 4?
4
Calculate the greatest common factor of 198 and 9999.
99
What is the greatest common factor of 3403 and 369?
41
Calculate the highest common divisor of 7728 and 14.
14
Calculate the greatest common factor of 3512 and 40.
8
Calculate the highest common divisor of 390 and 30.
30
Calculate the greatest common divisor of 30 and 354.
6
Calculate the highest common divisor of 1890 and 882.
126
Calculate the greatest common divisor of 136 and 17.
17
Calculate the greatest common factor of 29 and 35032.
29
Calculate the highest common factor of 468 and 364.
52
Calculate the greatest common factor of 12772 and 62.
62
Calculate the highest common factor of 248 and 88.
8
What is the greatest common divisor of 72 and 2?
2
What is the greatest common divisor of 6300 and 2772?
252
Calculate the highest common divisor of 153 and 351.
9
Calculate the greatest common factor of 24 and 360.
24
Calculate the highest common divisor of 84 and 147.
21
Calculate the highest common factor of 25 and 3005.
5
What is the highest common divisor of 61 and 2?
1
What is the highest common divisor of 8651 and 41?
41
What is the greatest common divisor of 3182 and 296?
74
What is the highest common factor of 1586 and 182?
26
What is the greatest common factor of 14 and 47026?
14
Calculate the highest common divisor of 513 and 38.
19
Calculate the highest common factor of 8216 and 104.
104
What is the highest common factor of 11 and 7898?
11
Calculate the greatest common factor of 18 and 14.
2
Calculate the highest common factor of 238 and 34.
34
Calculate the highest common factor of 12726 and 126.
126
What is the greatest common divisor of 286 and 264?
22
What is the highest common factor of 12328 and 16?
8
What is the highest common divisor of 374 and 4301?
187
What is the greatest common divisor of 3042 and 156?
78
What is the greatest common divisor of 104 and 8?
8
What is the highest common factor of 182 and 494?
26
What is the highest common factor of 24 and 7024?
8
Calculate the highest common factor of 41 and 3321.
41
Calculate the greatest common factor of 60 and 28344.
12
What is the highest common factor of 84 and 1218?
42
Calculate the highest common divisor of 19 and 19.
19
What is the greatest common divisor of 4088 and 168?
56
What is the greatest common divisor of 91 and 65?
13
What is the greatest common factor of 608 and 19?
19
What is the greatest common factor of 1 and 2311?
1
Calculate the greatest common factor of 3700 and 148.
148
What is the highest common divisor of 32 and 752?
16
Calculate the highest common divisor of 33 and 11.
11
What is the highest common factor of 95 and 40?
5
Calculate the highest common divisor of 198 and 44.
22
What is the highest common factor of 28 and 182?
14
Calculate the highest common factor of 948 and 156.
12
What is the highest common divisor of 18 and 48?
6
Calculate the greatest common factor of 312 and 130.
26
Calculate the greatest common divisor of 31 and 23281.
31
Calculate the greatest common divisor of 168 and 3752.
56
Calculate the greatest common factor of 2542 and 82.
82
Calculate the highest common divisor of 246 and 328.
82
What is the greatest common factor of 14542 and 11?
11
Calculate the greatest common factor of 212 and 4.
4
Calculate the greatest common divisor of 1302 and 744.
186
What is the greatest common factor of 693 and 54?
9
Calculate the greatest common divisor of 1384 and 32.
8
What is the highest common divisor of 680 and 160?
40
What is the greatest common divisor of 447 and 5662?
149
Calculate the highest common divisor of 56 and 584.
8
What is the greatest common factor of 118 and 6962?
118
Calculate the greatest common divisor of 165 and 3894.
33
Calculate the greatest common factor of 1064 and 608.
152
What is the highest common factor of 48 and 23088?
48
What is the greatest common divisor of 8 and 232?
8
Calculate the highest common divisor of 7752 and 152.
152
What is the greatest common divisor of 4023 and 18?
9
Calculate the greatest common factor of 90 and 1458.
18
What is the greatest common divisor of 150 and 32175?
75
Calculate the highest common divisor of 83 and 2.
1
What is the greatest common divisor of 748 and 204?
68
What is the greatest common factor of 462 and 483?
21
What is the greatest common factor of 3 and 3?
3
Calculate the highest common divisor of 4404 and 60.
12
Calculate the highest common divisor of 114 and 209.
19
Wha